 digit of y?
1
Let j(h) = h**2 + 11*h + 5. Let n be j(-9). Let o = 47 + n. What is the units digit of o?
4
Let f(k) = 3*k + 28. Let d(s) = 24*s + 198. Let g(r) = -2*d(r) + 15*f(r). Let v be 19/1*(0 - 1). What is the tens digit of g(v)?
8
Let g(x) = -5*x**3 - 8*x**2 - 2*x - 6. Let q(c) = -9*c**3 - 16*c**2 - 5*c - 11. Let j(v) = -7*g(v) + 4*q(v). What is the units digit of j(-8)?
6
Let c(q) = -q**3 + 2*q**2 + 6*q - 4. Let a be c(4). Let u be (4 + 14/(-3))*30. What is the units digit of (0 + 45)*a/u?
7
Suppose 12 + 9 = 7*b. Suppose q - 264 = -b*q. What is the units digit of q?
6
Suppose 3*s - 6 = -o + 10, -3*s - 2*o + 17 = 0. Suppose s*l - 41 - 34 = 0. Let t = l + -4. What is the tens digit of t?
1
Let u(b) = -4*b**2 + 2*b + 43. Let g(a) = -5*a**2 + 3*a + 42. Let v(n) = 2*g(n) - 3*u(n). What is the units digit of v(7)?
3
Let b be -14*(-17 + 12/3). Suppose 2*z - b = -0*z. Suppose 23 = -4*o + z. What is the tens digit of o?
1
Suppose r + 2*j + 9 = -189, -r = -3*j + 188. Let d = -74 - r. Suppose 0*t - 5*t = -d. What is the units digit of t?
4
Let k = -54 + 88. What is the units digit of -3 + k/(5 + -3)?
4
Let z(p) = -69*p + 2. Let v = 51 + -52. What is the units digit of z(v)?
1
Let t be (-7)/(-1) + 0/2*1. What is the units digit of -1 - t/(-9) - 188/(-36)?
5
Let k(f) be the third derivative of f**4/4 + 13*f**3/2 - 16*f**2. What is the tens digit of k(17)?
4
Suppose -266*c = -262*c - 1952. What is the hundreds digit of c?
4
Let f(b) = 209*b**2 - 5*b + 2. What is the hundreds digit of f(1)?
2
What is the units digit of (168/30 + -6)/((-3)/7215)?
2
Suppose 0 = -4*u - 5*r + 1951, r = 2*u - 356 - 609. What is the hundreds digit of u?
4
Let o(k) = -k**3 - k. Let w be o(-1). Suppose -w*g + 280 = 3*n + 2*g, 5*n + 4*g = 456. What is the tens digit of n?
8
Suppose -2*a + 19274 = 4*d, -5*a = 12*d - 4*d - 38551. What is the units digit of d?
7
Let z(a) be the third derivative of a**5/60 - a**4/12 - a**3/6 + 6*a**2. Let u be z(2). What is the units digit of u/4 - (-147)/28?
5
What is the units digit of (3606/(-4))/(136/(-16) + 8)?
3
Suppose 92*a = 110*a - 5166. What is the tens digit of a?
8
Let f = 25 - 36. Let r = f - -10. What is the tens digit of (-1)/(0 - r/(-11))?
1
Let m(v) = 31*v**2 - v + 2. Let n(g) = -10*g**2 - 1. Let i(u) = 3*m(u) + 8*n(u). What is the tens digit of i(-2)?
5
Let q = -21 + 197. Let k = q + -113. What is the tens digit of k?
6
Let o(y) = -6*y - 1. Suppose 2*g + 0*i + 3*i = -22, 5*i = 20. What is the hundreds digit of o(g)?
1
Let a(u) be the third derivative of u**5/30 - u**4/2 + 8*u**3/3 + 9*u**2. Let d be a(7). What is the tens digit of (d/4)/((-1)/(-2))?
1
Suppose 6*u = 62 - 284. Let m = u + 193. What is the units digit of m?
6
What is the units digit of (-9 + (-29570)/(-40))*4?
1
Suppose 2*c = 234 + 806. What is the units digit of (c/(-39))/((-1)/3)?
0
Let c(v) = v**3 - 3*v + 2*v**2 - 6 - 6*v + 5*v**2. Let r be c(-8). Suppose 3*l + r*l = 3*p + 49, 2*l = -p + 13. What is the units digit of l?
8
Suppose 4*o = -13*o - 5*o. Suppose -m + 4 = o, 2*m + 702 = 6*t - t. What is the hundreds digit of t?
1
Let m = 160 + -48. What is the units digit of ((-69)/(-46))/(6/m)?
8
Let c = 494 - 166. Suppose c - 810 = -2*m. Suppose 0 = 4*r + 2*x - 266, 2*r - 5*x = m - 78. What is the tens digit of r?
6
Let s = 5317 - 1376. What is the hundreds digit of s?
9
Suppose 0*q - 30 = -3*q. Suppose -5*m = -q*m + 145. What is the tens digit of (-2)/(-4)*(m - -5)?
1
Suppose -2*p + 5*p + 15 = 0. Let i be (-4)/p*25/(-10). What is the units digit of 4/i + 9 + -4?
3
What is the tens digit of (-12)/8 + (3 - (-6140)/8)?
6
Suppose 5*u - 10415 - 5735 = 3*o, 5*u - 16190 = -5*o. What is the units digit of u?
3
Suppose -119 = -2*s - 5*n, -3*n = 2*s - 0*n - 117. Let b = 189 - s. What is the tens digit of b?
3
Suppose -3*d - 405 = 2*l - 4399, 5*d + 5953 = 3*l. What is the thousands digit of l?
1
Let o = 2790 - 1231. What is the thousands digit of o?
1
Let p be (36/(-15) - -2) + 223/(-5). Let a = -36 - p. What is the units digit of a?
9
Let p(o) = 3*o**2 - 3*o - 1. Let j(z) = 7*z**2 - 5*z - 1. Let r(a) = -2*j(a) + 5*p(a). Let u = -6 - -12. What is the units digit of r(u)?
3
Let c(q) be the second derivative of -q**5/20 - 5*q**4/6 - 5*q**3/3 - 11*q**2/2 + 4*q. Let i be c(-9). What is the units digit of 114/9*(-3)/i?
9
Suppose s + 7 = -14. Let q = -57 - s. Let l = q + 62. What is the tens digit of l?
2
Let v = -72 + 73. What is the tens digit of ((-17)/17)/(v/(-38))?
3
Let j = -10 - -7. Let y(k) = 25*k - 21. Let w(v) = -5*v + 4. Let c(d) = 11*w(d) + 2*y(d). What is the units digit of c(j)?
7
Let v = -30 + 9. Let a(j) = -j**2 - j + 2. Let q be a(0). Let l = q - v. What is the units digit of l?
3
Let m(d) = -5*d + 18. Let z be m(3). Suppose 4*v - 2*g = 374, 4*v - z*g - 57 = 322. What is the tens digit of v?
9
Let z(m) = 3*m**3 + 4*m**2 - 9*m + 6. Let h be z(3). Suppose 6 = 2*v - h. What is the tens digit of v?
5
Suppose 595 = -27*l + 22*l. Let h = l + 278. What is the hundreds digit of h?
1
Let v(s) = 42*s**2 + s - 7. Let y be v(-3). Suppose -2*z - 2*t + y = 3*z, 4*z + t = 292. What is the units digit of z?
2
Suppose -3*x = 7 - 13. Let i(g) = -2*g**2 - 4*g + 3. Let h be i(x). Let y(q) = q**2 + 9*q - 14. What is the tens digit of y(h)?
3
Suppose -2*m = 1 - 29. Suppose 4 + m = 3*y. Suppose -5*f + y*f - 27 = 0. What is the tens digit of f?
2
Let g = 1030 - 151. What is the units digit of g?
9
Let w(n) = n - 2. Let l be w(4). Suppose 4*r + 15 = -b - 57, -l*r - 3*b - 46 = 0. What is the units digit of -177*(-5)/(-2 - r)?
9
Suppose -5*p = 2*a + 871, 4*a - 507 = -5*p + 8*p. Let m = -119 - p. What is the units digit of m?
4
Let u(b) = 48*b - 32. Let z be u(13). Suppose -6*m + 2*m = -z. What is the hundreds digit of m?
1
Let w(t) = -1. Let z(q) = 2*q - 5. Let y(l) = -3*w(l) - z(l). Let m be y(-8). Suppose -m = -2*h + 42. What is the units digit of h?
3
Let x = 9 - 1. Let q be (2/x)/(2/16). Suppose -t + q*t - 43 = 0. What is the units digit of t?
3
Suppose 4*x = 2*q - 0*q + 238, -110 = -2*x + 4*q. Suppose -4*b - x = -5*b. What is the units digit of b?
1
Suppose 25*m - 348 = 21*m. Let k(t) = -t**3 - 8*t**2 + 6*t + 9. Let q be k(-8). Let x = q + m. What is the tens digit of x?
4
Let l = -1095 - -1864. What is the units digit of l?
9
Let k(b) = b**3 + 12*b**2 - 11*b + 23. What is the hundreds digit of k(-12)?
1
Let l(b) = 48*b + 6. Let c be l(3). Suppose -28*r + 26*r = -c. What is the units digit of r?
5
Let p = 91 - -14. Suppose -3*h + p = -702. What is the tens digit of h?
6
Let a = 35 - 31. Suppose y - a*y = -87. What is the tens digit of y?
2
Let a(b) = b**2 - b + 6. Let z be a(0). Let n(l) = -11*l - 3. Let k(g) = 5*g + 1. Let j(p) = -13*k(p) - 6*n(p). What is the tens digit of j(z)?
1
Suppose 3*a = 6*f - 2*f + 30, 0 = a + 4*f + 6. Let v(m) = m**3 - m**2 - 16*m - 4. What is the tens digit of v(a)?
8
Let y = 29 - 27. Let t(v) = v**3 + 3*v**2 - 2*v - 2. Let n be t(-3). Suppose -58 = -n*k + 3*a, -y*a + 3 = k + 3*a. What is the tens digit of k?
1
Let h = -368 + 723. What is the tens digit of h?
5
Let t(b) = -b**3 - 3*b**2 + 1. Let s(g) = -g. Let f(l) = 6*s(l) - t(l). Let n be f(-5). What is the tens digit of (-5)/(5/n) - 1?
2
What is the thousands digit of (-16542)/(-15) - (-2)/(-40)*-4?
1
Let l be (2 + 0)/((-7)/(-378)). Let g = l - 57. Let f = -29 + g. What is the units digit of f?
2
What is the units digit of (72786/(-9))/(-7) + (-1)/3?
5
Let c be (-2)/3 + 17/3. Suppose 0 = 3*j + 6, -4*j - 225 = -c*y - 9*j. What is the tens digit of y?
4
Let w(v) = -2*v**3 - v**2 - 8*v - 17. Let q be w(-5). Let y = q - 61. What is the hundreds digit of y?
1
Suppose -4*t = -4*r + 500 + 940, -4*t - 354 = -r. What is the tens digit of r?
6
Suppose -4*x - 5 - 3 = 0. What is the units digit of 58/2 - (3 + x + 3)?
5
Let q be (0 + 12/16)*1752. Let v be q/(-9)*(0 + -1). Let l = v - 101. What is the tens digit of l?
4
Suppose 1170 = -0*f + 2*f. Suppose 5*z = 50 + f. What is the units digit of z?
7
Let f be 1 + (1*-12)/(-3). Suppose 6*d - 2*d = f*n + 46, 2*n + 24 = -4*d. Let s(r) = -r - 7. What is the units digit of s(n)?
3
Let b(r) = -r**3 - 5*r**2 - 3*r + 28. What is the units digit of b(-8)?
4
Suppose -4*s + 0*s - 112 = 0. Let x = s - -187. What is the hundreds digit of x?
1
Suppose -5*f + 243 = -582. Suppose 